10*q + 11. Let n(s) = s**3 - s**2 - s - 1. Let v(w) = 2*f(w) + 18*n(w). What is the units digit of v(-2)?
2
Suppose 5*h = -2*b + 4942, 4*h + 16 = -0*h. What is the units digit of b?
1
Let g(n) = n**3 + 10*n**2 - 11*n + 9. Let k be g(-11). Suppose -2*b + b = 2*o - 63, 3*o - 91 = -5*b. Suppose k*p - o = 5*p. What is the units digit of p?
8
Suppose 4*x = 34 + 118. Suppose 0 = -3*p + x + 55. What is the tens digit of p?
3
What is the hundreds digit of (-1 + 4 + -2)*153 - 0?
1
Let m = -6 + 20. Let z = m + 4. Suppose -c + 22 = -z. What is the tens digit of c?
4
Let q(p) = -p**3 + 9*p**2 - 5*p - 12. Let w be q(8). Suppose -3*b + w = 0, 0*c - 11 = c - 5*b. What is the units digit of c?
9
Let v = -209 + 928. What is the hundreds digit of v?
7
Let r be 8 - ((-12)/(-8))/((-2)/(-4)). What is the units digit of 0 - -110*r/10?
5
Let g(i) = 4*i + 2. Let m = 13 - 10. Let a be g(m). Suppose -4*d = -a - 10. What is the units digit of d?
6
Suppose 1307 = 3*u + 56. What is the hundreds digit of u?
4
Let y(a) = a**2 + a - 3. Let f be y(0). Let k be 346/(-3) - (-2)/f. Let z = -69 - k. What is the tens digit of z?
4
Suppose 3*v - 3*s = 3, -4*v + 3*s + 0 = -3. Suppose 8*a = -4*n + 4*a - 528, -3*a + 12 = v. Let u = -88 - n. What is the units digit of u?
8
Let g(c) = c**2 - 18*c + 48. Let n be g(12). What is the hundreds digit of (n/4)/(4/(-94))?
1
Let b(y) = y**3 + 6*y**2 + 2*y + 6. What is the units digit of b(8)?
8
What is the units digit of (-103828)/(-42) - (-8)/(-84)?
2
Let v(m) = -m**2 + 10*m + 13. Let w be v(11). Suppose 4*a = w*k - 362, -5*k - 2*a = -a - 960. What is the tens digit of k?
9
Suppose 3*h - 3*w - w = -16, -3*w = -h + 3. Let j = h + 77. What is the units digit of j?
5
Let o be (-2)/(-5) + 104/40. Suppose -o*w + 16 = -413. What is the units digit of w?
3
Let s(y) = 10*y**2 + y. Let n be s(1). Suppose -n = -5*f - x, 4*f + 4 = 2*x + 10. What is the units digit of 3/f*4/3?
2
Suppose -2*t + 921 = -311. What is the hundreds digit of t?
6
Let j = -28 + 630. What is the tens digit of j?
0
Let k(o) = -o**3 - 7*o**2 - 9*o + 4. Let v be k(-8). Suppose 4*g = -2*z + 122 + v, z + 3*g - 136 = 0. What is the units digit of z?
1
Let x(t) be the second derivative of 5*t**3/6 + 13*t**2/2 + 2*t. What is the tens digit of x(9)?
5
Let s be 150/(-35) - 2/(-7). Let d(b) = -215*b + 4*b**3 + 5*b**2 + 214*b - 3*b**3 + 3. What is the tens digit of d(s)?
2
Suppose 3*t + 24 = -0*t + q, 2*q + 8 = -t. Let m = t + 84. What is the units digit of m?
6
Let b be 2 + (-29)/(-2)*4. Suppose 4*n + b - 212 = 0. Let p = n + -26. What is the units digit of p?
2
Let c = -1 + 7. Let y = 11 - c. Suppose 87 = 5*s - m, 87 = 2*s + 2*s + y*m. What is the units digit of s?
8
Suppose 4*a + 2*f - 5*f = -18, 3*f + 6 = 0. Let h(o) = -3*o + 57*o**2 - 32*o**2 - 24*o**2 + 6. What is the tens digit of h(a)?
6
Let l = -4909 + 9213. What is the units digit of l?
4
Suppose 12 = 2*c + 4. Suppose 5 = 2*x - c*u - 11, 3*x = 2*u + 44. Let r = 14 + x. What is the units digit of r?
2
Suppose 11 = 4*y + 5*r, -4*y + 6*r = 3*r - 19. Suppose y*c - 3*v - 214 = 0, -3*c + 4*v = -v - 155. What is the units digit of c?
5
Let k = -743 + 1652. What is the units digit of k?
9
Suppose 15*z = 81 - 6. What is the units digit of z?
5
Let n be 0*(-3 - (-10)/5). Suppose 5*o - 4*o - 5*s - 23 = n, -4*s = -o + 27. What is the units digit of o?
3
Let l(t) = -37*t - 36. What is the tens digit of l(-15)?
1
Let s = 191 + -127. What is the tens digit of s + (-1 - (2 - 6))?
6
Suppose 18*m = -794 + 6086. What is the hundreds digit of m?
2
Let f(v) = -2*v - 2. Let i be f(-4). Let x be (-6)/i*(-1 - 2). Suppose -x*z - 7 + 22 = 0. What is the units digit of z?
5
Let t = 2400 - 1635. What is the tens digit of t?
6
Suppose 0 = -z - 0*j + 2*j + 447, z - 5*j - 462 = 0. What is the units digit of z?
7
Let c = 30 + -27. Suppose -54 + 183 = c*p. What is the units digit of p?
3
Let f(d) = d**3 + 15*d**2 - d - 19. Let w be f(-15). What is the tens digit of w + 30/7 + 542/14?
3
Let z(h) be the first derivative of 7*h**3/3 + 3*h**2/2 - 8*h - 5. What is the units digit of z(3)?
4
What is the hundreds digit of -5*79*(-18)/15?
4
What is the thousands digit of 21/(-3)*(-1 - 3677)/6?
4
Let k = 42 - 48. Let a = 4 - k. What is the units digit of a?
0
Suppose -4*f + 4 = -3*f. Suppose 0 = -x - 3*j + 171, -3*j + f*j = 4. What is the tens digit of x?
5
What is the hundreds digit of (-480)/400*(-2620)/3?
0
What is the tens digit of (348/(-3))/(-3 + 143/55)?
9
Let g(v) be the second derivative of 8*v**3/3 - 5*v**2 - 7*v. Let z be g(-4). Let w = 6 - z. What is the tens digit of w?
8
Suppose -j + 9 + 6 = 0. Suppose j*v - 12*v - 3 = 0. Suppose -2*r = -87 - v. What is the tens digit of r?
4
Suppose 132 = d + 11*d. Suppose -2*w + d*w - 1818 = 0. What is the units digit of w?
2
Let j = -14 + -2. Let u = 86 + j. What is the tens digit of u?
7
Suppose 0 = -h - 2*h - 45. Let p(u) = -3*u + 11. Let i be p(3). What is the units digit of 0 - h*i/3?
0
Let q(k) = k**2 - 13*k + 11. Let j(s) = s**3 + 8*s**2 - s + 5. Let o be j(-8). What is the tens digit of q(o)?
1
Let o(v) = 127*v**3 + 4*v**2 - 34*v + 97. What is the hundreds digit of o(3)?
4
Let g(o) = -11*o - 6. Let w be g(-5). Let k = 92 - w. What is the units digit of k?
3
Let h = 22 - 35. Let g(p) = -p**3 - 12*p**2 + 7*p - 25. What is the tens digit of g(h)?
5
Let q be 2/4 + 490/4. Let o(a) = -a**3 - 5*a**2 - 2*a - 4. Let n be o(-5). What is the tens digit of q/n + 1/(-2)?
2
Let o(g) be the first derivative of -7*g**5/120 + g**4/8 - 7*g**3/3 + 2. Let b(q) be the third derivative of o(q). What is the units digit of b(-2)?
7
Let m be -3 - (-2 + 3)*-1. What is the units digit of m + (4 - 2) + 51?
1
Let d(h) = -5*h - 18. Let b be -3*4/24 + (-82)/4. What is the tens digit of d(b)?
8
Let g be (-20)/(0/(-4) - -1). What is the units digit of 4/(g/(-45)) - 3?
6
Suppose 3*r - 4*p + 21 = 0, r = 2*p - p - 7. Suppose -9*o - 240 = 3*o. Let b = r - o. What is the tens digit of b?
1
Let s = 8046 + -4101. What is the units digit of s?
5
Suppose -4*z + 10 = -6. Let j be 1/z - 7/(-4). Suppose 0 = -j*o + 61 - 13. What is the tens digit of o?
2
What is the hundreds digit of ((-1)/2)/(17196/(-2456) - -7)?
3
Let x = 189 - -455. What is the hundreds digit of x?
6
Let t = 63 - 84. Let f = -7 - t. What is the units digit of f?
4
Let o be (-7 + 4 - -11) + -3. What is the tens digit of 227/o + (-12)/30?
4
Let l be (1/3)/((-5)/(-60)). Let r = 53 - l. What is the tens digit of r?
4
Let f(r) be the second derivative of r**7/630 + r**6/240 - r**5/60 - 2*r**4/3 - r. Let v(x) be the third derivative of f(x). What is the tens digit of v(2)?
2
Let d(y) be the first derivative of y**4/4 + 10*y**3/3 + 5*y**2 - 9*y - 25. Suppose -3*q - 2*q = -3*z + 31, 2*q + 13 = z. What is the tens digit of d(q)?
3
Let w = -39 + 43. What is the hundreds digit of (4008/(-36))/(w/(-6))?
1
Let m(y) = -1 - 3*y - 3*y + 2*y**2 + 4*y. Let b be m(2). Suppose -8 = -4*t, b*t + 47 = 3*r - 1. What is the tens digit of r?
1
Suppose 4*u + 1298 = 3*f, 0*u + u = 5*f - 2135. Suppose 2*j = -0*j + f. What is the hundreds digit of j?
2
Suppose 3*q - 9 = 3. Suppose q*u = 3*n - 176, -6*n + 10*n - 2*u - 228 = 0. What is the units digit of n?
6
Let z be -6 - (6 + -4 - 4). Let f be 9/((-15)/z - 3). Suppose -u + 4*u + f = -5*j, -u = -2*j - 7. What is the units digit of u?
1
Let h = 11 - -261. What is the units digit of (h/10)/(8/20)?
8
Suppose 8 = x + 3*d - 5, 1 = -2*x + 3*d. Let f be 2*((-2)/x + 2). Suppose -4 = -5*j + 11, 4*v = f*j + 55. What is the tens digit of v?
1
Let g(v) = -99*v + 7. Let f be g(-2). Suppose -56*z + 57*z = f. What is the tens digit of z?
0
Let u = -96 - -68. What is the hundreds digit of 8/u + 1/((-14)/(-1852))?
1
Suppose -47*v + 63*v - 12784 = 0. What is the hundreds digit of v?
7
Let w be (3 - 2) + (-3 - 0). What is the tens digit of 4 - (0 + 13*w)?
3
Let h(q) = -29*q**3 - 2*q - 1. Let r be h(-1). Let s = 164 - r. What is the hundreds digit of s?
1
Let a = 264 - 188. Suppose -2*b + a = 2*f, -5*b + 206 = f - 0*f. What is the units digit of b?
2
Suppose 2*v + 5*u + 6 = 56, 3*v - 4*u = 52. What is the units digit of v?
0
Let f(h) = 6*h**3 + 4*h**2 + 2*h - 1. Let w be f(-2). Let b = 3 - w. What is the units digit of b?
0
Let l(n) = 8*n - 12. What is the tens digit of l(8)?
5
Let i(g) =